{"id":7533,"date":"2026-03-09T16:31:48","date_gmt":"2026-03-09T21:31:48","guid":{"rendered":"https:\/\/eneaudio.edu.co\/?page_id=7533"},"modified":"2026-03-11T07:48:20","modified_gmt":"2026-03-11T12:48:20","slug":"curso-de-cero-a-dj-presencial","status":"publish","type":"page","link":"https:\/\/eneaudio.edu.co\/indexphp\/curso-de-cero-a-dj-presencial\/","title":{"rendered":"Curso de Cero a DJ &#8211; Presencial"},"content":{"rendered":"<p>[et_pb_section fb_built=\u00bb1&#8243; custom_padding_last_edited=\u00bbon|desktop\u00bb _builder_version=\u00bb4.27.2&#8243; _module_preset=\u00bbdefault\u00bb background_color=\u00bb#000000&#8243; background_image=\u00bbhttps:\/\/eneaudio.edu.co\/wp-content\/uploads\/2026\/03\/banner-curso-de-dj.jpg\u00bb min_height=\u00bb257px\u00bb min_height_tablet=\u00bb257px\u00bb min_height_phone=\u00bb\u00bb min_height_last_edited=\u00bbon|phone\u00bb height=\u00bb225px\u00bb max_height=\u00bb257px\u00bb custom_margin=\u00bb0px||||false|false\u00bb custom_padding=\u00bb153px||43px|||\u00bb custom_padding_tablet=\u00bb90px||||false|false\u00bb custom_padding_phone=\u00bb77px||43px||false|false\u00bb locked=\u00bboff\u00bb global_colors_info=\u00bb{}\u00bb][et_pb_row _builder_version=\u00bb4.24.3&#8243; _module_preset=\u00bbdefault\u00bb global_colors_info=\u00bb{}\u00bb][et_pb_column type=\u00bb4_4&#8243; _builder_version=\u00bb4.24.3&#8243; _module_preset=\u00bbdefault\u00bb global_colors_info=\u00bb{}\u00bb][et_pb_text _builder_version=\u00bb4.27.2&#8243; _module_preset=\u00bbdefault\u00bb header_text_color=\u00bb#FFFFFF\u00bb text_text_shadow_style=\u00bbpreset1&#8243; header_text_shadow_style=\u00bbpreset5&#8243; global_colors_info=\u00bb{}\u00bb]<\/p>\n<h1>Curso de Cero a DJ &#8211; Presencial<\/h1>\n<p>[\/et_pb_text][\/et_pb_column][\/et_pb_row][\/et_pb_section][et_pb_section fb_built=\u00bb1&#8243; _builder_version=\u00bb4.25.1&#8243; _module_preset=\u00bbdefault\u00bb locked=\u00bboff\u00bb global_colors_info=\u00bb{}\u00bb][et_pb_row column_structure=\u00bb1_2,1_2&#8243; _builder_version=\u00bb4.24.3&#8243; _module_preset=\u00bbdefault\u00bb locked=\u00bboff\u00bb global_colors_info=\u00bb{}\u00bb][et_pb_column type=\u00bb1_2&#8243; _builder_version=\u00bb4.24.3&#8243; _module_preset=\u00bbdefault\u00bb global_colors_info=\u00bb{}\u00bb][et_pb_text _builder_version=\u00bb4.27.2&#8243; _module_preset=\u00bbdefault\u00bb header_2_text_color=\u00bb#C70000&#8243; custom_padding=\u00bb1px|||||\u00bb hover_enabled=\u00bb0&#8243; global_colors_info=\u00bb{}\u00bb sticky_enabled=\u00bb0&#8243;]<\/p>\n<h2>Dictado por <a href=\"https:\/\/www.instagram.com\/djgermanlopez\/\" target=\"_blank\" rel=\"noopener\">Germ\u00e1n L\u00f3pez<\/a><\/h2>\n<div class=\"page\" title=\"Page 1\">\n<div class=\"section\">\n<div class=\"layoutArea\">\n<div class=\"column\">\n<div class=\"page\" title=\"Page 1\">\n<div class=\"section\">\n<div class=\"layoutArea\">\n<div class=\"column\">\n<div class=\"page\" title=\"Page 1\">\n<div class=\"section\">\n<div class=\"layoutArea\">\n<div class=\"column\">\n<p>Este curso esta\u0301 dirigido a personas sin experiencia previa que quieran iniciar desde cero en el mundo del DJing, amantes de la mu\u0301sica que deseen aprender a mezclar con criterio y te\u0301cnica, jo\u0301venes interesados en desarrollar una habilidad arti\u0301stica con proyeccio\u0301n profesional, mu\u0301sicos que quieran ampliar su conocimiento en mezcla en vivo y creadores que busquen dominar el uso de la consola de DJ con seguridad.<\/p>\n<\/div>\n<\/div>\n<\/div>\n<\/div>\n<p>&nbsp;<\/p>\n<\/div>\n<\/div>\n<\/div>\n<\/div>\n<\/div>\n<\/div>\n<\/div>\n<\/div>\n<h2><span class=\"agsdi-icon\" style=\"color: #c70000!important; font-size: 30;\" data-icon=\"agsdi-check-circle\">check circle icon<\/span> Requisitos<\/h2>\n<div class=\"page\" title=\"Page 1\">\n<div class=\"section\">\n<div class=\"layoutArea\">\n<div class=\"column\">\n<ul>\n<li><strong>Experiencia:<\/strong> No se requiere conocimiento previo; el curso esta\u0301 disen\u0303ado para iniciar desde el nivel cero.<\/li>\n<li><strong>Audi\u0301fonos (Obligatorio):<\/strong> De tipo \u00abover-ear\u00bb (que cubran la oreja) con conector Jack 3.5mm o 1\/4&#8243; para el monitoreo individual en consola.<\/li>\n<li><strong>Memoria USB:<\/strong> Mi\u0301nimo 8GB de capacidad, para gestionar tus libreri\u0301as y facilitar el intercambio de archivos.<\/li>\n<li><strong>Seleccio\u0301n Musical:<\/strong> Traer al menos 20 canciones en formato digital de alta calidad (MP3 a 320kbps o WAV) de tus ge\u0301neros favoritos para practicar.<\/li>\n<li><strong>Computadora Porta\u0301til (Opcional):<\/strong> Contamos con equipos para prestarte durante las sesiones; sin embargo, te recomendamos traer tu propia laptop con el software Serato DJ Lite ya instalado. Esto te permitira\u0301 configurar tu libreri\u0301a personal, guardar tus puntos de cue y avanzar mucho ma\u0301s ra\u0301pido en tu aprendizaje fuera de clase.<\/li>\n<li>\u00a0<strong>Actitud:<\/strong> Curiosidad te\u0301cnica y disposicio\u0301n para el entrenamiento auditivo.<\/li>\n<\/ul>\n<\/div>\n<\/div>\n<\/div>\n<\/div>\n<h2><span class=\"agsdi-icon\" style=\"color: #c70000!important; font-size: 30;\" data-icon=\"agsdi-notebook-2\">notebook 2 icon<\/span> Metodolog\u00eda<\/h2>\n<div class=\"page\" title=\"Page 2\">\n<div class=\"section\">\n<div class=\"layoutArea\">\n<div class=\"column\">\n<p>Esta metodologi\u0301a se basa en un modelo de aprendizaje inmersivo y dina\u0301mico donde la teori\u0301a se aplica de inmediato sobre consolas reales. A trave\u0301s de un enfoque de taller pra\u0301ctico limitado a solo <strong>10 personas<\/strong>, recibira\u0301s un acompan\u0303amiento personalizado para dominar desde el entrenamiento auditivo hasta la manipulacio\u0301n te\u0301cnica de los equipos. El proceso culmina con una pra\u0301ctica integral para consolidar el conocimiento, donde aplicara\u0301s todas las te\u0301cnicas de mezcla y seleccio\u0301n musical aprendidas, garantizando que pases de la teori\u0301a a la ejecucio\u0301n con total seguridad y fluidez.<\/p>\n<p>&nbsp;<\/p>\n<\/div>\n<\/div>\n<\/div>\n<\/div>\n<h2><span class=\"agsdi-icon\" style=\"color: #c70000!important; font-size: 30;\" data-icon=\"agsdi-calendar-heart\">calendar heart icon<\/span> Duraci\u00f3n y fechas<\/h2>\n<p><span style=\"font-weight: 400;\">El curso tiene una duraci\u00f3n de 12 horas, divididas en 4 sesiones de 3 horas.<\/span><\/p>\n<p><strong>Fechas:<\/strong> Lunes 6, martes 7, mi\u00e9rcoles 8, jueves 9 de abril de\u00a02026<\/p>\n<p><strong>Horario:<\/strong> De 6:00 p.m. a 9:00 p.m.<\/p>\n<h2 style=\"text-align: left;\"><span class=\"agsdi-icon\" style=\"color: #c70000!important; font-size: 33px;\" data-icon=\"agsdi-location\">location icon<\/span>Lugar<\/h2>\n<p><strong>Instituto ENE Audio<\/strong><br \/>Calle 25A No. 32 \u2013 05, Barrio Gran Am\u00e9rica &#8211; Bogot\u00e1 D.C, Colombia<\/p>\n<p><strong data-start=\"55\" data-end=\"71\">C\u00f3<\/strong><strong data-start=\"55\" data-end=\"71\">mo llegar:<\/strong> \u00a0<a href=\"https:\/\/www.waze.com\/es\/live-map\/directions?to=ll.4.626939%2C-74.084437\" target=\"_blank\" rel=\"noopener\">Waze<\/a> |\u00a0<a href=\"https:\/\/maps.app.goo.gl\/oMzt78hFWPPAeQM38\" target=\"_blank\" rel=\"noopener\">Google Maps<\/a><\/p>\n<h2><span class=\"agsdi-icon\" style=\"color: #c70000!important; font-size: 30;\" data-icon=\"agsdi-dollar\">dollar icon<\/span>\u00a0Inversi\u00f3n<\/h2>\n<ul>\n<li style=\"font-weight: 400;\" aria-level=\"1\"><b><span style=\"font-weight: 400;\">Valor del Curso Pesos Colombianos: <strong>$1.140.000 = (310 D\u00f3lares)<\/strong><\/span>.<\/b><\/li>\n<\/ul>\n<p><b>Pregunta por nuestro descuento especial por <a href=\"https:\/\/api.whatsapp.com\/send?phone=573188798097&amp;text=Hola%20Lucia,%20quiero%20m%C3%A1s%20informaci%C3%B3n%20sobre%20el%20descuento%20especial%20del%20Curso%20de%20DJ%20para%20principiantes\" target=\"_blank\" rel=\"noopener\">WhatsApp <\/a><\/b><a href=\"https:\/\/api.whatsapp.com\/send?phone=573188798097&amp;text=Hola%20Lucia,%20quiero%20m%C3%A1s%20informaci%C3%B3n%20sobre%20el%20descuento%20especial%20del%20Curso%20de%20DJ%20para%20principiantes\" target=\"_blank\" rel=\"noopener\"><b>AQU\u00cd<\/b><\/a><\/p>\n<p>&nbsp;<\/p>\n<p>[\/et_pb_text][\/et_pb_column][et_pb_column type=\u00bb1_2&#8243; _builder_version=\u00bb4.24.3&#8243; _module_preset=\u00bbdefault\u00bb global_colors_info=\u00bb{}\u00bb][et_pb_code _builder_version=\u00bb4.27.2&#8243; _module_preset=\u00bbdefault\u00bb border_radii=\u00bbon|10px|10px|10px|10px\u00bb box_shadow_style=\u00bbpreset6&#8243; locked=\u00bboff\u00bb global_colors_info=\u00bb{}\u00bb]<iframe loading=\"lazy\" src=\"https:\/\/forms.gle\/i5SyXCXpBa2MxpSX7\" width=\"640\" height=\"1137\" frameborder=\"0\" marginheight=\"0\" marginwidth=\"0\">Cargando\u2026<\/iframe>[\/et_pb_code][\/et_pb_column][\/et_pb_row][\/et_pb_section][et_pb_section fb_built=\u00bb1&#8243; _builder_version=\u00bb4.27.2&#8243; _module_preset=\u00bbdefault\u00bb global_colors_info=\u00bb{}\u00bb][\/et_pb_section]<\/p>\n","protected":false},"excerpt":{"rendered":"<p>Curso de Cero a DJ &#8211; PresencialDictado por Germ\u00e1n L\u00f3pez Este curso esta\u0301 dirigido a personas sin experiencia previa que quieran iniciar desde cero en el mundo del DJing, amantes de la mu\u0301sica que deseen aprender a mezclar con criterio y te\u0301cnica, jo\u0301venes interesados en desarrollar una habilidad arti\u0301stica con proyeccio\u0301n profesional, mu\u0301sicos que quieran [&hellip;]<\/p>\n","protected":false},"author":1,"featured_media":0,"parent":0,"menu_order":0,"comment_status":"closed","ping_status":"closed","template":"","meta":{"_et_pb_use_builder":"on","_et_pb_old_content":"","_et_gb_content_width":"","sfsi_plus_gutenberg_text_before_share":"","sfsi_plus_gutenberg_show_text_before_share":"","sfsi_plus_gutenberg_icon_type":"","sfsi_plus_gutenberg_icon_alignemt":"","sfsi_plus_gutenburg_max_per_row":"","_monsterinsights_skip_tracking":false,"_monsterinsights_sitenote_active":false,"_monsterinsights_sitenote_note":"","_monsterinsights_sitenote_category":0,"_joinchat":[],"footnotes":""},"class_list":["post-7533","page","type-page","status-publish","hentry"],"yoast_head":"<!-- This site is optimized with the Yoast SEO plugin v26.9 - https:\/\/yoast.com\/product\/yoast-seo-wordpress\/ -->\n<title>Curso de Cero a DJ - Presencial - Instituto ENE Audio<\/title>\n<meta name=\"robots\" content=\"index, follow, max-snippet:-1, max-image-preview:large, max-video-preview:-1\" \/>\n<link rel=\"canonical\" href=\"https:\/\/eneaudio.edu.co\/indexphp\/curso-de-cero-a-dj-presencial\/\" \/>\n<meta property=\"og:locale\" content=\"es_ES\" \/>\n<meta property=\"og:type\" content=\"article\" \/>\n<meta property=\"og:title\" content=\"Curso de Cero a DJ - Presencial - Instituto ENE Audio\" \/>\n<meta property=\"og:description\" content=\"Curso de Cero a DJ - PresencialDictado por Germ\u00e1n L\u00f3pez Este curso esta\u0301 dirigido a personas sin experiencia previa que quieran iniciar desde cero en el mundo del DJing, amantes de la mu\u0301sica que deseen aprender a mezclar con criterio y te\u0301cnica, jo\u0301venes interesados en desarrollar una habilidad arti\u0301stica con proyeccio\u0301n profesional, mu\u0301sicos que quieran [&hellip;]\" \/>\n<meta property=\"og:url\" content=\"https:\/\/eneaudio.edu.co\/indexphp\/curso-de-cero-a-dj-presencial\/\" \/>\n<meta property=\"og:site_name\" content=\"Instituto ENE Audio\" \/>\n<meta property=\"article:publisher\" content=\"https:\/\/www.facebook.com\/institutoeneaudio\" \/>\n<meta property=\"article:modified_time\" content=\"2026-03-11T12:48:20+00:00\" \/>\n<meta property=\"og:image\" content=\"https:\/\/eneaudio.edu.co\/wp-content\/uploads\/2025\/07\/Imagen-ENE-Audio-Pag.-Web.jpg\" \/>\n\t<meta property=\"og:image:width\" content=\"1774\" \/>\n\t<meta property=\"og:image:height\" content=\"675\" \/>\n\t<meta property=\"og:image:type\" content=\"image\/jpeg\" \/>\n<meta name=\"twitter:card\" content=\"summary_large_image\" \/>\n<meta name=\"twitter:site\" content=\"@ENEaudio\" \/>\n<meta name=\"twitter:label1\" content=\"Tiempo de lectura\" \/>\n\t<meta name=\"twitter:data1\" content=\"2 minutos\" \/>\n<script type=\"application\/ld+json\" class=\"yoast-schema-graph\">{\"@context\":\"https:\/\/schema.org\",\"@graph\":[{\"@type\":\"WebPage\",\"@id\":\"https:\/\/eneaudio.edu.co\/indexphp\/curso-de-cero-a-dj-presencial\/\",\"url\":\"https:\/\/eneaudio.edu.co\/indexphp\/curso-de-cero-a-dj-presencial\/\",\"name\":\"Curso de Cero a DJ - Presencial - Instituto ENE Audio\",\"isPartOf\":{\"@id\":\"https:\/\/eneaudio.edu.co\/#website\"},\"datePublished\":\"2026-03-09T21:31:48+00:00\",\"dateModified\":\"2026-03-11T12:48:20+00:00\",\"breadcrumb\":{\"@id\":\"https:\/\/eneaudio.edu.co\/indexphp\/curso-de-cero-a-dj-presencial\/#breadcrumb\"},\"inLanguage\":\"es\",\"potentialAction\":[{\"@type\":\"ReadAction\",\"target\":[\"https:\/\/eneaudio.edu.co\/indexphp\/curso-de-cero-a-dj-presencial\/\"]}]},{\"@type\":\"BreadcrumbList\",\"@id\":\"https:\/\/eneaudio.edu.co\/indexphp\/curso-de-cero-a-dj-presencial\/#breadcrumb\",\"itemListElement\":[{\"@type\":\"ListItem\",\"position\":1,\"name\":\"Portada\",\"item\":\"https:\/\/eneaudio.edu.co\/\"},{\"@type\":\"ListItem\",\"position\":2,\"name\":\"Curso de Cero a DJ &#8211; Presencial\"}]},{\"@type\":\"WebSite\",\"@id\":\"https:\/\/eneaudio.edu.co\/#website\",\"url\":\"https:\/\/eneaudio.edu.co\/\",\"name\":\"Instituto ENE Audio\",\"description\":\"Educaci\u00f3n T\u00e9cnica en Audio y Sonido - Educaci\u00f3n Continua\",\"publisher\":{\"@id\":\"https:\/\/eneaudio.edu.co\/#organization\"},\"alternateName\":\"ENE Audio\",\"potentialAction\":[{\"@type\":\"SearchAction\",\"target\":{\"@type\":\"EntryPoint\",\"urlTemplate\":\"https:\/\/eneaudio.edu.co\/?s={search_term_string}\"},\"query-input\":{\"@type\":\"PropertyValueSpecification\",\"valueRequired\":true,\"valueName\":\"search_term_string\"}}],\"inLanguage\":\"es\"},{\"@type\":\"Organization\",\"@id\":\"https:\/\/eneaudio.edu.co\/#organization\",\"name\":\"Instituto ENE Audio\",\"url\":\"https:\/\/eneaudio.edu.co\/\",\"logo\":{\"@type\":\"ImageObject\",\"inLanguage\":\"es\",\"@id\":\"https:\/\/eneaudio.edu.co\/#\/schema\/logo\/image\/\",\"url\":\"https:\/\/eneaudio.edu.co\/wp-content\/uploads\/2023\/08\/eneaudio-logo-inicio-05.png\",\"contentUrl\":\"https:\/\/eneaudio.edu.co\/wp-content\/uploads\/2023\/08\/eneaudio-logo-inicio-05.png\",\"width\":364,\"height\":60,\"caption\":\"Instituto ENE Audio\"},\"image\":{\"@id\":\"https:\/\/eneaudio.edu.co\/#\/schema\/logo\/image\/\"},\"sameAs\":[\"https:\/\/www.facebook.com\/institutoeneaudio\",\"https:\/\/x.com\/ENEaudio\",\"https:\/\/www.instagram.com\/eneaudio\/\",\"https:\/\/www.youtube.com\/account_advanced\",\"https:\/\/www.tiktok.com\/@eneaudio\"]}]}<\/script>\n<!-- \/ Yoast SEO plugin. -->","yoast_head_json":{"title":"Curso de Cero a DJ - Presencial - Instituto ENE Audio","robots":{"index":"index","follow":"follow","max-snippet":"max-snippet:-1","max-image-preview":"max-image-preview:large","max-video-preview":"max-video-preview:-1"},"canonical":"https:\/\/eneaudio.edu.co\/indexphp\/curso-de-cero-a-dj-presencial\/","og_locale":"es_ES","og_type":"article","og_title":"Curso de Cero a DJ - Presencial - Instituto ENE Audio","og_description":"Curso de Cero a DJ - PresencialDictado por Germ\u00e1n L\u00f3pez Este curso esta\u0301 dirigido a personas sin experiencia previa que quieran iniciar desde cero en el mundo del DJing, amantes de la mu\u0301sica que deseen aprender a mezclar con criterio y te\u0301cnica, jo\u0301venes interesados en desarrollar una habilidad arti\u0301stica con proyeccio\u0301n profesional, mu\u0301sicos que quieran [&hellip;]","og_url":"https:\/\/eneaudio.edu.co\/indexphp\/curso-de-cero-a-dj-presencial\/","og_site_name":"Instituto ENE Audio","article_publisher":"https:\/\/www.facebook.com\/institutoeneaudio","article_modified_time":"2026-03-11T12:48:20+00:00","og_image":[{"width":1774,"height":675,"url":"https:\/\/eneaudio.edu.co\/wp-content\/uploads\/2025\/07\/Imagen-ENE-Audio-Pag.-Web.jpg","type":"image\/jpeg"}],"twitter_card":"summary_large_image","twitter_site":"@ENEaudio","twitter_misc":{"Tiempo de lectura":"2 minutos"},"schema":{"@context":"https:\/\/schema.org","@graph":[{"@type":"WebPage","@id":"https:\/\/eneaudio.edu.co\/indexphp\/curso-de-cero-a-dj-presencial\/","url":"https:\/\/eneaudio.edu.co\/indexphp\/curso-de-cero-a-dj-presencial\/","name":"Curso de Cero a DJ - Presencial - Instituto ENE Audio","isPartOf":{"@id":"https:\/\/eneaudio.edu.co\/#website"},"datePublished":"2026-03-09T21:31:48+00:00","dateModified":"2026-03-11T12:48:20+00:00","breadcrumb":{"@id":"https:\/\/eneaudio.edu.co\/indexphp\/curso-de-cero-a-dj-presencial\/#breadcrumb"},"inLanguage":"es","potentialAction":[{"@type":"ReadAction","target":["https:\/\/eneaudio.edu.co\/indexphp\/curso-de-cero-a-dj-presencial\/"]}]},{"@type":"BreadcrumbList","@id":"https:\/\/eneaudio.edu.co\/indexphp\/curso-de-cero-a-dj-presencial\/#breadcrumb","itemListElement":[{"@type":"ListItem","position":1,"name":"Portada","item":"https:\/\/eneaudio.edu.co\/"},{"@type":"ListItem","position":2,"name":"Curso de Cero a DJ &#8211; Presencial"}]},{"@type":"WebSite","@id":"https:\/\/eneaudio.edu.co\/#website","url":"https:\/\/eneaudio.edu.co\/","name":"Instituto ENE Audio","description":"Educaci\u00f3n T\u00e9cnica en Audio y Sonido - Educaci\u00f3n Continua","publisher":{"@id":"https:\/\/eneaudio.edu.co\/#organization"},"alternateName":"ENE Audio","potentialAction":[{"@type":"SearchAction","target":{"@type":"EntryPoint","urlTemplate":"https:\/\/eneaudio.edu.co\/?s={search_term_string}"},"query-input":{"@type":"PropertyValueSpecification","valueRequired":true,"valueName":"search_term_string"}}],"inLanguage":"es"},{"@type":"Organization","@id":"https:\/\/eneaudio.edu.co\/#organization","name":"Instituto ENE Audio","url":"https:\/\/eneaudio.edu.co\/","logo":{"@type":"ImageObject","inLanguage":"es","@id":"https:\/\/eneaudio.edu.co\/#\/schema\/logo\/image\/","url":"https:\/\/eneaudio.edu.co\/wp-content\/uploads\/2023\/08\/eneaudio-logo-inicio-05.png","contentUrl":"https:\/\/eneaudio.edu.co\/wp-content\/uploads\/2023\/08\/eneaudio-logo-inicio-05.png","width":364,"height":60,"caption":"Instituto ENE Audio"},"image":{"@id":"https:\/\/eneaudio.edu.co\/#\/schema\/logo\/image\/"},"sameAs":["https:\/\/www.facebook.com\/institutoeneaudio","https:\/\/x.com\/ENEaudio","https:\/\/www.instagram.com\/eneaudio\/","https:\/\/www.youtube.com\/account_advanced","https:\/\/www.tiktok.com\/@eneaudio"]}]}},"jetpack_sharing_enabled":true,"jetpack-related-posts":[{"id":3286,"url":"https:\/\/eneaudio.edu.co\/indexphp\/cursos-y-talleres\/taller-medicion-de-loudness-para-audiovisuales-online\/","url_meta":{"origin":7533,"position":0},"title":"Taller de Medici\u00f3n de Loudness para Audiovisuales &#8211; ONLINE","author":"admin","date":"5 de septiembre de 2024","format":false,"excerpt":"","rel":"","context":"Entrada similar","block_context":{"text":"Entrada similar","link":""},"img":{"alt_text":"","src":"","width":0,"height":0},"classes":[]},{"id":3368,"url":"https:\/\/eneaudio.edu.co\/indexphp\/cursos-y-talleres\/taller-de-limpieza-de-audio-en-izotope-rx-online\/","url_meta":{"origin":7533,"position":1},"title":"Taller de Limpieza de Audio en iZotope RX &#8211; ONLINE","author":"admin","date":"10 de septiembre de 2024","format":false,"excerpt":"","rel":"","context":"Entrada similar","block_context":{"text":"Entrada similar","link":""},"img":{"alt_text":"","src":"","width":0,"height":0},"classes":[]},{"id":7787,"url":"https:\/\/eneaudio.edu.co\/taller-mastering-de-audio-profesional-flujo-de-trabajo-digital-e-hibrido-presencial\/","url_meta":{"origin":7533,"position":2},"title":"Taller Mastering de Audio Profesional Flujo de Trabajo Digital e H\u00edbrido &#8211; PRESENCIAL","author":"admin","date":"22 de abril de 2026","format":false,"excerpt":"","rel":"","context":"Entrada similar","block_context":{"text":"Entrada similar","link":""},"img":{"alt_text":"","src":"","width":0,"height":0},"classes":[]},{"id":7900,"url":"https:\/\/eneaudio.edu.co\/taller-creatividad-en-ableton-live-online\/","url_meta":{"origin":7533,"position":3},"title":"Taller Creatividad en Ableton Live &#8211; ONLINE","author":"admin","date":"30 de abril de 2026","format":false,"excerpt":"","rel":"","context":"Entrada similar","block_context":{"text":"Entrada similar","link":""},"img":{"alt_text":"","src":"","width":0,"height":0},"classes":[]},{"id":5952,"url":"https:\/\/eneaudio.edu.co\/indexphp\/borrador-automatico\/","url_meta":{"origin":7533,"position":4},"title":"Borrador autom\u00e1tico","author":"admin","date":"17 de junio de 2025","format":false,"excerpt":"","rel":"","context":"Entrada similar","block_context":{"text":"Entrada similar","link":""},"img":{"alt_text":"","src":"","width":0,"height":0},"classes":[]},{"id":3605,"url":"https:\/\/eneaudio.edu.co\/indexphp\/post-produccion\/","url_meta":{"origin":7533,"position":5},"title":"Cursos y talleres pagina borrador","author":"admin","date":"5 de octubre de 2024","format":false,"excerpt":"","rel":"","context":"Entrada similar","block_context":{"text":"Entrada similar","link":""},"img":{"alt_text":"","src":"","width":0,"height":0},"classes":[]}],"_links":{"self":[{"href":"https:\/\/eneaudio.edu.co\/index.php\/wp-json\/wp\/v2\/pages\/7533","targetHints":{"allow":["GET"]}}],"collection":[{"href":"https:\/\/eneaudio.edu.co\/index.php\/wp-json\/wp\/v2\/pages"}],"about":[{"href":"https:\/\/eneaudio.edu.co\/index.php\/wp-json\/wp\/v2\/types\/page"}],"author":[{"embeddable":true,"href":"https:\/\/eneaudio.edu.co\/index.php\/wp-json\/wp\/v2\/users\/1"}],"replies":[{"embeddable":true,"href":"https:\/\/eneaudio.edu.co\/index.php\/wp-json\/wp\/v2\/comments?post=7533"}],"version-history":[{"count":17,"href":"https:\/\/eneaudio.edu.co\/index.php\/wp-json\/wp\/v2\/pages\/7533\/revisions"}],"predecessor-version":[{"id":7620,"href":"https:\/\/eneaudio.edu.co\/index.php\/wp-json\/wp\/v2\/pages\/7533\/revisions\/7620"}],"wp:attachment":[{"href":"https:\/\/eneaudio.edu.co\/index.php\/wp-json\/wp\/v2\/media?parent=7533"}],"curies":[{"name":"wp","href":"https:\/\/api.w.org\/{rel}","templated":true}]}}